h(o) = 4*o**2 - 1 + o + 4*o**2 + o. Let w be h(1). Let u = w - -3. What are the prime factors of u?
2, 3
Let b(q) = -q**2 + 11*q + 2. Let o be (2/4)/((-3)/(-66)). What are the prime factors of b(o)?
2
Let u be (3 + 0)*(-2)/3. Let i be (-2)/(1*u + 1). Suppose i*s - 10 = -2*t, 0 = 4*s + 3*t + 1 - 19. What are the prime factors of s?
3
Let p = 27 + -25. List the prime factors of p.
2
Let l be (-6)/(-6*3/12). Suppose 132 = l*s - 0. List the prime factors of s.
3, 11
Suppose -21*l + 22*l = 30. List the prime factors of l.
2, 3, 5
Let r be (-15)/(-6)*8/10. Suppose 2*f = 33 + 11. Suppose -f = -r*w - 10. List the prime factors of w.
2, 3
Let y(v) = -v**2 + 3*v - 1. Let w be y(2). List the prime factors of ((-64)/(-6 - -2))/w.
2
Let i = 20 + -14. Suppose 4*d = d + i. Suppose 3*p - 20 = 5*v, -d*v + 2 = 4. List the prime factors of p.
5
Suppose -x = -2*a - 99, -x - 5*a = x - 216. What are the prime factors of x?
103
Let p(y) = -2*y**2 + 13 - 9*y + y**3 + 0*y**2 - 6*y**2. Let u be p(9). Suppose -h = -k + u, 5*k - 104 + 39 = -3*h. What are the prime factors of k?
13
Let a be 6/(-2 + 5 + -2). What are the prime factors of (28/8)/(1/a)?
3, 7
Let k = -24 + 37. Let a(h) = h**3 + 8*h**2 - 13*h - 15. Let l be a(-9). Let z = l - k. What are the prime factors of z?
2
Suppose -392 + 125 = -3*j. What are the prime factors of j?
89
Let w(o) be the first derivative of 2*o + 4 - 3/2*o**2. List the prime factors of w(-5).
17
Suppose 3*t - 181 = 5*l - t, 0 = 3*l + 4*t + 83. Let p = l + 47. What are the prime factors of p?
2, 7
Let s = 23 - 4. List the prime factors of s.
19
Let l(c) = -c**2 + c. Let w(q) = -2*q**2 - 3*q - 8. Let h(z) = 3*l(z) - w(z). What are the prime factors of h(6)?
2
Suppose -4*l + 3*d = -0*d - 46, -42 = -5*l - 4*d. Suppose b = 6*b - l. Suppose n = s + 5, -4*n - b*s = -2*n + 2. What are the prime factors of n?
2
Let j be -3 + (-2)/(-1) - 9. Let b = j + 14. List the prime factors of b.
2
Suppose -2*w - 4*v + 130 = 0, -3*v - 144 = -w - w. What are the prime factors of w?
3, 23
Let c(d) = 10*d - 15. Let f be c(8). Suppose 4*m - 3*w - f = 117, -2*m = 3*w - 82. What are the prime factors of m?
2, 11
Let y(q) = -q**2 + 11*q - 8. Let m be y(7). Let j = 4 + m. List the prime factors of j.
2, 3
Let o(r) = r. Let f be o(1). Let s be f - (5 + -2)/3. Suppose -2*p - 4 = s, -5*p + 22 = q + 3*q. List the prime factors of q.
2
List the prime factors of -1*((-6)/3 - 36).
2, 19
What are the prime factors of ((-581)/(-7))/(-2 + 3)?
83
Let c(u) = u**3 + 11*u**2 - 12*u + 3. Let v be c(-12). Let j be v/(-5) - 66/(-10). Suppose -j - 39 = -3*y. What are the prime factors of y?
3, 5
Let l(d) = 2*d - 1. Let m(g) = 5*g + 0*g + g - 5*g. Let f(n) = -l(n) - 3*m(n). What are the prime factors of f(-4)?
3, 7
Let w(g) = 2*g**2 - 14*g + 5. List the prime factors of w(9).
41
Let q(r) = -r**2 + 4*r + 5. What are the prime factors of q(4)?
5
Let f(w) = w**2 - 13*w - 13. Let z be f(14). Let h = z + 10. List the prime factors of h.
11
Let n be ((-44)/(-6))/((-4)/(-6)). Suppose 5*b + 5 = 0, 0*g + 5*b = -g - 7. Let i = n - g. What are the prime factors of i?
13
Let h(f) be the first derivative of -f**3/3 + 3*f**2 + 6*f - 3. What are the prime factors of h(6)?
2, 3
What are the prime factors of 4/10 + 1914/15?
2
Let q(s) = 1. Let h(m) = -m - 1. Let d(f) = -3*h(f) - 4*q(f). List the prime factors of d(6).
17
Let z = -4 - -16. Suppose -3*a + 0*r - z = -3*r, -a - 8 = 3*r. List the prime factors of (-6 + 1)*9/a.
3
Let w(j) = -3*j + 2. List the prime factors of w(-5).
17
Let v(z) = 2*z**2. Let l be v(1). What are the prime factors of (4 - -2)/(l/7)?
3, 7
Let u(k) = -k**2 - k - 12. Let s be u(0). Let r = -7 - s. Suppose 3 + r = 2*c. What are the prime factors of c?
2
Suppose -21 = -2*f + 11. What are the prime factors of f?
2
Let k = -5 + 6. Let v = 1 - k. Suppose -5 = -a - v. What are the prime factors of a?
5
Let y be (14*1)/(0 - -1). Suppose 4*v - 6 = y. Suppose -v = 3*i - 4*i. What are the prime factors of i?
5
Let p be 74/(-10) - 4/(-10). Let q = p - -10. Suppose -3*r = r - 16, q*b + 2*r = 14. List the prime factors of b.
2
Suppose -5*l + 2 = -8, 0 = 2*u + 2*l - 50. Let f = 46 - u. What are the prime factors of f?
23
Let k(c) = -c**3 + 2*c**2 + 2*c - 2. Let u be k(2). Suppose 5*b - u*b - 4*x = 10, -b - 2 = -4*x. What are the prime factors of b?
2, 3
Suppose 4617 - 998 = 11*k. What are the prime factors of k?
7, 47
Suppose 0 = -o - 5*b - 15, 0*o - 4*b = -2*o + 12. Let p be 1 + 0 - (-2 + o). Let k(n) = -n + 7. What are the prime factors of k(p)?
2
Let y = -11 + 22. List the prime factors of y.
11
Suppose 4*j - 297 = 71. List the prime factors of j.
2, 23
Let q(u) = 6*u**2 + 4*u - 4. List the prime factors of q(-4).
2, 19
Let d(h) = 81*h**3 + 11*h**2 + 6. Let n(v) = -16*v**3 - 2*v**2 - 1. Let i(y) = 2*d(y) + 11*n(y). List the prime factors of i(-1).
3, 5
List the prime factors of (-6 + 9 + -4)/(1/(-41)).
41
Let f(x) = 5*x - 6. Let d(q) = q**2 - q + 1. Let w(l) = 4*d(l) + f(l). Let a(n) = n**3 + 6*n**2 - 2. Let v be a(-6). List the prime factors of w(v).
2, 3
Suppose -3*u = 2*u - 3*r - 19, -4*r - 8 = 2*u. Suppose -z - u*v + 18 = 0, 7*z + 5*v = 3*z + 57. What are the prime factors of (-85)/(-20) - 2/z?
2
Suppose -3*n = 2*n - 15. Let s be (n - 8)*(-6)/(-5). Let f = s - -11. List the prime factors of f.
5
Suppose w + 2 = -w. Let t = w - -4. What are the prime factors of t?
3
List the prime factors of 20 + (-26)/39*1*-3.
2, 11
Suppose -62 = -j - 9. What are the prime factors of j?
53
Let g(t) = -4*t**2 - 5*t + 3. Let d(y) = 3*y**2 + 6*y - 4. Let f(q) = 5*d(q) + 4*g(q). List the prime factors of f(8).
2
Let z(s) = -6*s**3 - s**2 + 1. Let g be z(-1). Suppose 0 = 5*y - 5*f - 20, -g*f - 5 = -f. What are the prime factors of y?
3
Let o = -1 - -5. Suppose 2*w + 3*i = 60, -o*w + 68 = -2*w + i. Let p = w + -22. List the prime factors of p.
2, 7
Suppose j - 4 + 0 = 0. Suppose 4 + 4 = j*r. Suppose g + 5*t + 4 = 5, 5*g - r*t = 32. What are the prime factors of g?
2, 3
Suppose -3*m + 108 = 2*p, p - 56 = -0*m - 2*m. List the prime factors of p.
2, 3
Let q = -3 - -1. Let k(n) = n**2 - 2*n**3 - 2*n**2 - 5*n**3 + 4*n**3 + 3*n + 2. What are the prime factors of k(q)?
2
Suppose 5*a + y - 74 = 0, 2*a + y - 31 = 2*y. Let j = a - 4. What are the prime factors of j?
11
Suppose 0 = -k + 5*k + 4. Let a be (1 - -34)/(k - -2). Suppose a = 4*x + 7. What are the prime factors of x?
7
Suppose 3 = -v + 2*v. Suppose -v*s - 39 = -102. Suppose 0 = m - 4*m + s. What are the prime factors of m?
7
Let g = 64 - 34. List the prime factors of g.
2, 3, 5
Let x be -5 + 9 - (-2 + -1). Suppose -114 = x*i - 429. List the prime factors of i.
3, 5
Let o be -1 + 6*1*1. Let x = o - 3. What are the prime factors of (-16)/(-6) + x/6?
3
Suppose 5*v - 4*f = 546, -2*v = -2*f - 2*f - 228. List the prime factors of v.
2, 53
Let f = 44 + -23. Suppose 3*q - f = -v, 0 = 2*v + q + 2*q - 33. What are the prime factors of v?
2, 3
Let x = 14 - 31. Let j be 3/9 - (-34)/6. What are the prime factors of x/(-3) - (-2)/j?
2, 3
Let w(l) = -l**3 + 12*l**2 + 4*l + 9. What are the prime factors of w(12)?
3, 19
Suppose 126 = i + 4*f, -2*f - 133 = -i - 19. Suppose 5*v - i = 4*q, 3*v - 142 = -2*v - 4*q. What are the prime factors of v?
2, 13
Let h(v) = -v**3 - 19*v**2 + 8*v - 15. List the prime factors of h(-20).
3, 5
List the prime factors of (53 + -3 - 8)*1/2.
3, 7
Suppose 0 = 7*p - 560 + 84. List the prime factors of p.
2, 17
Let f be ((-21)/(-6))/(1/2). Let w be (-4)/(-14) + (-30)/f. List the prime factors of (-58)/(-4) - 2/w.
3, 5
Let d(g) = -8*g**2 + 9 + 4*g + 69*g**3 - 68*g**3 + 3*g. Let a(b) = b + 12. Let k be a(-5). List the prime factors of d(k).
3
Let f = -62 + 26. Let s = 78 + f. List the prime factors of s.
2, 3, 7
Suppose 21 = 2*a - u, -15 = -3*a - 4*u + 33. What are the prime factors of (a/(-10))/((-2)/20)?
2, 3
Let b be 2/(-4*(-1)/8). Let l(f) = -f**3 + 5*f**2 + 6*f - 6. List the prime factors of l(b).
2, 17
Suppose 5*c = 5*w + 305, 2*c - 5*w = -w + 126. Let s = c - 38. Suppose 4*p + 3*a - 2*a = 43, 0 = 2*p + a - s. What are the prime factors of p?
11
Suppose -2*x + 2*q - 1 = -5, -q + 10 = 2*x. Suppose -2*w + 60 = x. What are the prime factors of w?
2, 7
Let n(i) be the first derivative of i**6/120 + i**3/3 - i**2 + 2. Let d(j) be the second derivative